{"id":7,"date":"2022-11-16T15:55:43","date_gmt":"2022-11-16T14:55:43","guid":{"rendered":"https:\/\/otorrinogijon.com\/?page_id=7"},"modified":"2022-12-08T19:26:46","modified_gmt":"2022-12-08T18:26:46","slug":"inicio","status":"publish","type":"page","link":"https:\/\/otorrinogijon.com\/","title":{"rendered":"Inicio"},"content":{"rendered":"<p><img loading=\"lazy\" decoding=\"async\" class=\" wp-image-50 alignleft\" src=\"https:\/\/otorrinogijon.com\/wp-content\/uploads\/2022\/11\/dra-Adela-Gonzalez-otorrino-gijon-2-250x300.jpg\" alt=\"\" width=\"301\" height=\"362\" srcset=\"https:\/\/otorrinogijon.com\/wp-content\/uploads\/2022\/11\/dra-Adela-Gonzalez-otorrino-gijon-2-250x300.jpg 250w, https:\/\/otorrinogijon.com\/wp-content\/uploads\/2022\/11\/dra-Adela-Gonzalez-otorrino-gijon-2-188x225.jpg 188w, https:\/\/otorrinogijon.com\/wp-content\/uploads\/2022\/11\/dra-Adela-Gonzalez-otorrino-gijon-2.jpg 345w\" sizes=\"auto, (max-width: 301px) 100vw, 301px\" \/>Bienvenidos al sitio web oficial de la\u00a0<a href=\"https:\/\/otorrinogijon.com\/index.php\/acerca-de\/\" target=\"_blank\" rel=\"noreferrer noopener\">doctora Adela Gonz\u00e1lez<\/a>, especialista en\u00a0<strong>otorrinolaringolog\u00eda<\/strong>\u00a0y creadora e impulsora de la primera\u00a0<strong>Unidad de Olfato\u00a0<\/strong>de Asturias y miembro de la ejecutiva de la\u00a0<strong>Red Olfativa Espa\u00f1ola<\/strong>\u00a0(ROE).<\/p>\n<p>En su consulta atiende las alteraciones del<strong>\u00a0Equilibrio, V\u00e9rtigo y su Rehabilitaci\u00f3n<\/strong>\u00a0empleando las \u00faltimas t\u00e9cnicas de diagn\u00f3stico y tratamiento multidisciplinario, as\u00ed como todo lo referente a<\/p>\n<ul>\n<li style=\"list-style-type: none;\">\n<ul>\n<li style=\"list-style-type: none;\">\n<ul>\n<li style=\"list-style-type: none;\">\n<ul>\n<li><strong>Garganta<\/strong><\/li>\n<li><strong>Nariz<\/strong><\/li>\n<li><strong>O\u00eddos<\/strong><\/li>\n<\/ul>\n<\/li>\n<\/ul>\n<\/li>\n<\/ul>\n<\/li>\n<\/ul>\n<p>\u00a0<\/p>\n<p>Pero con una especial atenci\u00f3n a:<\/p>\n<ul>\n<li><strong>Trastornos del olfato<\/strong><\/li>\n<li><strong>P\u00e9rdida de olfato (anosmia) y gusto (ageusia) en relaci\u00f3n a la COVID-19<\/strong><\/li>\n<li><strong>Alergias respiratorias<\/strong><\/li>\n<li><strong>Alteraciones del equilibrio y v\u00e9rtigo, v\u00e9rtigo del anciano<\/strong><\/li>\n<\/ul>\n<p>\u00a0<\/p>\n<p>Puedes acceder a las \u00e1reas del sitio, <a href=\"https:\/\/otorrinogijon.com\/index.php\/contacto\/\" target=\"_blank\" rel=\"noreferrer noopener\">contactar<\/a> o seguirme en mis redes:<\/p>\n\n\n<ul class=\"wp-block-social-links is-content-justification-center is-layout-flex wp-container-core-social-links-is-layout-16018d1d wp-block-social-links-is-layout-flex\"><li class=\"wp-social-link wp-social-link-linkedin  wp-block-social-link\"><a href=\"https:\/\/es.linkedin.com\/in\/adela-gonzalez-fernandez-74801429\" class=\"wp-block-social-link-anchor\"><svg width=\"24\" height=\"24\" viewBox=\"0 0 24 24\" version=\"1.1\" xmlns=\"http:\/\/www.w3.org\/2000\/svg\" aria-hidden=\"true\" focusable=\"false\"><path d=\"M19.7,3H4.3C3.582,3,3,3.582,3,4.3v15.4C3,20.418,3.582,21,4.3,21h15.4c0.718,0,1.3-0.582,1.3-1.3V4.3 C21,3.582,20.418,3,19.7,3z M8.339,18.338H5.667v-8.59h2.672V18.338z M7.004,8.574c-0.857,0-1.549-0.694-1.549-1.548 c0-0.855,0.691-1.548,1.549-1.548c0.854,0,1.547,0.694,1.547,1.548C8.551,7.881,7.858,8.574,7.004,8.574z M18.339,18.338h-2.669 v-4.177c0-0.996-0.017-2.278-1.387-2.278c-1.389,0-1.601,1.086-1.601,2.206v4.249h-2.667v-8.59h2.559v1.174h0.037 c0.356-0.675,1.227-1.387,2.526-1.387c2.703,0,3.203,1.779,3.203,4.092V18.338z\"><\/path><\/svg><span class=\"wp-block-social-link-label screen-reader-text\">LinkedIn<\/span><\/a><\/li>\n\n<li class=\"wp-social-link wp-social-link-facebook  wp-block-social-link\"><a href=\"https:\/\/www.facebook.com\/Orlgijonadelagonz%C3%A1lezcom-103269781076122\/\" class=\"wp-block-social-link-anchor\"><svg width=\"24\" height=\"24\" viewBox=\"0 0 24 24\" version=\"1.1\" xmlns=\"http:\/\/www.w3.org\/2000\/svg\" aria-hidden=\"true\" focusable=\"false\"><path d=\"M12 2C6.5 2 2 6.5 2 12c0 5 3.7 9.1 8.4 9.9v-7H7.9V12h2.5V9.8c0-2.5 1.5-3.9 3.8-3.9 1.1 0 2.2.2 2.2.2v2.5h-1.3c-1.2 0-1.6.8-1.6 1.6V12h2.8l-.4 2.9h-2.3v7C18.3 21.1 22 17 22 12c0-5.5-4.5-10-10-10z\"><\/path><\/svg><span class=\"wp-block-social-link-label screen-reader-text\">Facebook<\/span><\/a><\/li>\n\n<li class=\"wp-social-link wp-social-link-twitter  wp-block-social-link\"><a href=\"https:\/\/twitter.com\/adelagonfe\" class=\"wp-block-social-link-anchor\"><svg width=\"24\" height=\"24\" viewBox=\"0 0 24 24\" version=\"1.1\" xmlns=\"http:\/\/www.w3.org\/2000\/svg\" aria-hidden=\"true\" focusable=\"false\"><path d=\"M22.23,5.924c-0.736,0.326-1.527,0.547-2.357,0.646c0.847-0.508,1.498-1.312,1.804-2.27 c-0.793,0.47-1.671,0.812-2.606,0.996C18.324,4.498,17.257,4,16.077,4c-2.266,0-4.103,1.837-4.103,4.103 c0,0.322,0.036,0.635,0.106,0.935C8.67,8.867,5.647,7.234,3.623,4.751C3.27,5.357,3.067,6.062,3.067,6.814 c0,1.424,0.724,2.679,1.825,3.415c-0.673-0.021-1.305-0.206-1.859-0.513c0,0.017,0,0.034,0,0.052c0,1.988,1.414,3.647,3.292,4.023 c-0.344,0.094-0.707,0.144-1.081,0.144c-0.264,0-0.521-0.026-0.772-0.074c0.522,1.63,2.038,2.816,3.833,2.85 c-1.404,1.1-3.174,1.756-5.096,1.756c-0.331,0-0.658-0.019-0.979-0.057c1.816,1.164,3.973,1.843,6.29,1.843 c7.547,0,11.675-6.252,11.675-11.675c0-0.178-0.004-0.355-0.012-0.531C20.985,7.47,21.68,6.747,22.23,5.924z\"><\/path><\/svg><span class=\"wp-block-social-link-label screen-reader-text\">Twitter<\/span><\/a><\/li><\/ul>\n","protected":false},"excerpt":{"rendered":"<p>Bienvenidos al sitio web oficial de la\u00a0doctora Adela Gonz\u00e1lez, especialista en\u00a0otorrinolaringolog\u00eda\u00a0y creadora e impulsora de la primera\u00a0Unidad de Olfato\u00a0de Asturias y miembro de la ejecutiva de la\u00a0Red Olfativa Espa\u00f1ola\u00a0(ROE). En su consulta atiende las alteraciones del\u00a0Equilibrio, V\u00e9rtigo y su Rehabilitaci\u00f3n\u00a0empleando las \u00faltimas t\u00e9cnicas de diagn\u00f3stico y tratamiento multidisciplinario, as\u00ed como todo lo referente a Garganta [&hellip;]<\/p>\n","protected":false},"author":1,"featured_media":0,"parent":0,"menu_order":0,"comment_status":"closed","ping_status":"closed","template":"","meta":{"om_disable_all_campaigns":false,"_monsterinsights_skip_tracking":false,"_monsterinsights_sitenote_active":false,"_monsterinsights_sitenote_note":"","_monsterinsights_sitenote_category":0,"footnotes":""},"class_list":["post-7","page","type-page","status-publish","hentry"],"aioseo_notices":[],"_links":{"self":[{"href":"https:\/\/otorrinogijon.com\/index.php\/wp-json\/wp\/v2\/pages\/7","targetHints":{"allow":["GET"]}}],"collection":[{"href":"https:\/\/otorrinogijon.com\/index.php\/wp-json\/wp\/v2\/pages"}],"about":[{"href":"https:\/\/otorrinogijon.com\/index.php\/wp-json\/wp\/v2\/types\/page"}],"author":[{"embeddable":true,"href":"https:\/\/otorrinogijon.com\/index.php\/wp-json\/wp\/v2\/users\/1"}],"replies":[{"embeddable":true,"href":"https:\/\/otorrinogijon.com\/index.php\/wp-json\/wp\/v2\/comments?post=7"}],"version-history":[{"count":11,"href":"https:\/\/otorrinogijon.com\/index.php\/wp-json\/wp\/v2\/pages\/7\/revisions"}],"predecessor-version":[{"id":117,"href":"https:\/\/otorrinogijon.com\/index.php\/wp-json\/wp\/v2\/pages\/7\/revisions\/117"}],"wp:attachment":[{"href":"https:\/\/otorrinogijon.com\/index.php\/wp-json\/wp\/v2\/media?parent=7"}],"curies":[{"name":"wp","href":"https:\/\/api.w.org\/{rel}","templated":true}]}}