{"id":57,"date":"2022-11-16T16:47:13","date_gmt":"2022-11-16T15:47:13","guid":{"rendered":"https:\/\/otorrinogijon.com\/?page_id=57"},"modified":"2022-12-14T19:16:12","modified_gmt":"2022-12-14T18:16:12","slug":"unidad-de-olfato-y-alergia-nasal","status":"publish","type":"page","link":"https:\/\/otorrinogijon.com\/index.php\/areas\/unidad-de-olfato-y-alergia-nasal\/","title":{"rendered":"Unidad de olfato y alergia nasal"},"content":{"rendered":"<p><img loading=\"lazy\" decoding=\"async\" class=\"alignnone wp-image-143 size-medium\" src=\"https:\/\/otorrinogijon.com\/wp-content\/uploads\/2022\/12\/alergia-nasal-300x300.jpg\" alt=\"\" width=\"300\" height=\"300\" srcset=\"https:\/\/otorrinogijon.com\/wp-content\/uploads\/2022\/12\/alergia-nasal-300x300.jpg 300w, https:\/\/otorrinogijon.com\/wp-content\/uploads\/2022\/12\/alergia-nasal-150x150.jpg 150w, https:\/\/otorrinogijon.com\/wp-content\/uploads\/2022\/12\/alergia-nasal-225x225.jpg 225w, https:\/\/otorrinogijon.com\/wp-content\/uploads\/2022\/12\/alergia-nasal.jpg 348w\" sizes=\"auto, (max-width: 300px) 100vw, 300px\" \/><\/p>\n<p>El\u00a0<strong>olfato\u00a0<\/strong>es como una ventana en nuestro cerebro por la que entra gran cantidad de informaci\u00f3n que no es procesada de forma consciente y sin embargo influye de una forma decisiva\u00a0 en nuestra\u00a0<strong>salud<\/strong>, nuestro\u00a0<strong>consumo<\/strong>\u00a0y nuestra\u00a0<strong>calidad de vida.<\/strong><\/p>\n<p><strong>\u200b<\/strong>Nos alerta de\u00a0<strong>situaciones de peligro<\/strong>\u00a0(incendios,escapes de gas, alimentos en mal estado\u2026)<\/p>\n<p>\u200bEs un sensor precoz de enfermedades (<strong>Alzeimer, Parkinson<\/strong>)<\/p>\n<p>La prevalencia en Espa\u00f1a de alteraciones de olfato se situa en\u00a0<strong>0,5%\u00a0<\/strong>de individuos an\u00f3smicos y un\u00a0<strong>17%<\/strong>\u00a0de hip\u00f3smicos.<\/p>\n<p>\u200bLa\u00a0<strong>Dra. Adela Gonz\u00e1lez<\/strong>\u00a0realiza en su consulta la\u00a0<strong>exploraci\u00f3n y diagn\u00f3stico<\/strong>\u00a0de las alteraciones olfativas, utilizando para ello el\u00a0<strong>Olfatom\u00e9tro BAST24\u00a0<\/strong>validado por la Sociedad Europea de Rinolog\u00eda para la poblaci\u00f3n espa\u00f1ola, para explorar cualitativa y cuantitativamente las\u00a0<strong>alteraciones del olfato y gusto.<\/strong><\/p>\n<p><img loading=\"lazy\" decoding=\"async\" class=\"alignnone wp-image-144 size-medium\" src=\"https:\/\/otorrinogijon.com\/wp-content\/uploads\/2022\/12\/IMG_9997_edited-300x189.jpg\" alt=\"\" width=\"300\" height=\"189\" srcset=\"https:\/\/otorrinogijon.com\/wp-content\/uploads\/2022\/12\/IMG_9997_edited-300x189.jpg 300w, https:\/\/otorrinogijon.com\/wp-content\/uploads\/2022\/12\/IMG_9997_edited-1024x644.jpg 1024w, https:\/\/otorrinogijon.com\/wp-content\/uploads\/2022\/12\/IMG_9997_edited-768x483.jpg 768w, https:\/\/otorrinogijon.com\/wp-content\/uploads\/2022\/12\/IMG_9997_edited-1536x966.jpg 1536w, https:\/\/otorrinogijon.com\/wp-content\/uploads\/2022\/12\/IMG_9997_edited-2048x1288.jpg 2048w, https:\/\/otorrinogijon.com\/wp-content\/uploads\/2022\/12\/IMG_9997_edited-358x225.jpg 358w\" sizes=\"auto, (max-width: 300px) 100vw, 300px\" \/><\/p>\n<p>&nbsp;<\/p>\n<p><strong>Alergia Nasal<\/strong>: se estima su\u00a0 prevalencia en el 10 al 20% de la poblaci\u00f3n mundial.<\/p>\n<p>En ocasiones se asocia a\u00a0<strong>Asma\u00a0<\/strong>y a una morbilidad significativa en forma de\u00a0<strong>alteraciones<\/strong>\u00a0del estado del \u00e1nimo,astenia, alteraciones cognitivas\u2026<\/p>\n<p>\u200bAnte tos, estornudos, prurito nasoocular, obstrucci\u00f3n nasal, etc\u2026 es recomendable realizar\u00a0<strong>pruebas de al\u00e9rgicas<\/strong>\u00a0para descartar alergia respiratoria.<\/p>\n<p>\u200bEstas pruebas de alergia respiratoria se realizan en la consulta mediante una prueba cut\u00e1nea con\u00a0<strong>resultados inmediatos<\/strong>\u00a0(<strong>PRICKTEST<\/strong>) para la detecci\u00f3n de alergias respiratorias a:<\/p>\n<p><strong>-P\u00f3lenes<\/strong><\/p>\n<p><strong>\u00a0 -Acaros<\/strong><\/p>\n<p><strong>\u00a0 -Mohos<\/strong><\/p>\n<p><strong>\u00a0 -Epitelio de Animales Dom\u00e9sticos<\/strong><\/p>\n<p>Estudiaremos su caso y si fuera necesario le recomendaremos tratamiento de la alergia respiratoria mediante inmunoterapia (vacunas).<\/p>\n<p>&nbsp;<\/p>\n<p>&nbsp;<\/p>\n","protected":false},"excerpt":{"rendered":"<p>El\u00a0olfato\u00a0es como una ventana en nuestro cerebro por la que entra gran cantidad de informaci\u00f3n que no es procesada de forma consciente y sin embargo influye de una forma decisiva\u00a0 en nuestra\u00a0salud, nuestro\u00a0consumo\u00a0y nuestra\u00a0calidad de vida. \u200bNos alerta de\u00a0situaciones de peligro\u00a0(incendios,escapes de gas, alimentos en mal estado\u2026) \u200bEs un sensor precoz de enfermedades (Alzeimer, Parkinson) [&hellip;]<\/p>\n","protected":false},"author":1,"featured_media":0,"parent":15,"menu_order":2,"comment_status":"closed","ping_status":"closed","template":"","meta":{"om_disable_all_campaigns":false,"_monsterinsights_skip_tracking":false,"_monsterinsights_sitenote_active":false,"_monsterinsights_sitenote_note":"","_monsterinsights_sitenote_category":0,"footnotes":""},"class_list":["post-57","page","type-page","status-publish","hentry"],"aioseo_notices":[],"_links":{"self":[{"href":"https:\/\/otorrinogijon.com\/index.php\/wp-json\/wp\/v2\/pages\/57","targetHints":{"allow":["GET"]}}],"collection":[{"href":"https:\/\/otorrinogijon.com\/index.php\/wp-json\/wp\/v2\/pages"}],"about":[{"href":"https:\/\/otorrinogijon.com\/index.php\/wp-json\/wp\/v2\/types\/page"}],"author":[{"embeddable":true,"href":"https:\/\/otorrinogijon.com\/index.php\/wp-json\/wp\/v2\/users\/1"}],"replies":[{"embeddable":true,"href":"https:\/\/otorrinogijon.com\/index.php\/wp-json\/wp\/v2\/comments?post=57"}],"version-history":[{"count":5,"href":"https:\/\/otorrinogijon.com\/index.php\/wp-json\/wp\/v2\/pages\/57\/revisions"}],"predecessor-version":[{"id":146,"href":"https:\/\/otorrinogijon.com\/index.php\/wp-json\/wp\/v2\/pages\/57\/revisions\/146"}],"up":[{"embeddable":true,"href":"https:\/\/otorrinogijon.com\/index.php\/wp-json\/wp\/v2\/pages\/15"}],"wp:attachment":[{"href":"https:\/\/otorrinogijon.com\/index.php\/wp-json\/wp\/v2\/media?parent=57"}],"curies":[{"name":"wp","href":"https:\/\/api.w.org\/{rel}","templated":true}]}}