{"id":10,"date":"2022-11-16T15:50:27","date_gmt":"2022-11-16T14:50:27","guid":{"rendered":"https:\/\/otorrinogijon.com\/?page_id=10"},"modified":"2022-12-16T19:34:58","modified_gmt":"2022-12-16T18:34:58","slug":"acerca-de","status":"publish","type":"page","link":"https:\/\/otorrinogijon.com\/index.php\/acerca-de\/","title":{"rendered":"Acerca de"},"content":{"rendered":"\n<figure class=\"wp-block-image size-medium\"><img loading=\"lazy\" decoding=\"async\" width=\"243\" height=\"300\" src=\"https:\/\/otorrinogijon.com\/wp-content\/uploads\/2022\/12\/dra-Adela-Gonzalez-otorrino-gijon-243x300.jpg\" alt=\"\" class=\"wp-image-129\" srcset=\"https:\/\/otorrinogijon.com\/wp-content\/uploads\/2022\/12\/dra-Adela-Gonzalez-otorrino-gijon-243x300.jpg 243w, https:\/\/otorrinogijon.com\/wp-content\/uploads\/2022\/12\/dra-Adela-Gonzalez-otorrino-gijon-829x1024.jpg 829w, https:\/\/otorrinogijon.com\/wp-content\/uploads\/2022\/12\/dra-Adela-Gonzalez-otorrino-gijon-768x949.jpg 768w, https:\/\/otorrinogijon.com\/wp-content\/uploads\/2022\/12\/dra-Adela-Gonzalez-otorrino-gijon-1243x1536.jpg 1243w, https:\/\/otorrinogijon.com\/wp-content\/uploads\/2022\/12\/dra-Adela-Gonzalez-otorrino-gijon-1657x2048.jpg 1657w, https:\/\/otorrinogijon.com\/wp-content\/uploads\/2022\/12\/dra-Adela-Gonzalez-otorrino-gijon-182x225.jpg 182w\" sizes=\"auto, (max-width: 243px) 100vw, 243px\" \/><\/figure>\n\n\n\n<p>La&nbsp;<strong>Dra. Adela Gonz\u00e1lez Fern\u00e1ndez<\/strong>&nbsp;es&nbsp;<em><strong>especialista en otorrinolaringolog\u00eda<\/strong><\/em>&nbsp;por la Universidad de Oviedo (n\u00ba colegiada 33\/03872-8)<\/p>\n\n\n\n<p>Cuenta con m\u00e1s de treinta a\u00f1os de&nbsp;<strong>experiencia hospitalaria<\/strong>&nbsp;(Servicio de ORL del Hospital Universitario de Cabue\u00f1es, Gij\u00f3n) dedic\u00e1ndose a la atenci\u00f3n de patolog\u00edas de&nbsp;<strong>garganta<\/strong>,&nbsp;<strong>nariz y o\u00eddos<\/strong>&nbsp;y muy especialmente a&nbsp;<strong>trastornos del olfato<\/strong>,&nbsp;<strong>alergias respiratorias<\/strong>,&nbsp;<strong>v\u00e9rtigo y alteraciones del equilibrio<\/strong>.<\/p>\n\n\n\n<p>Es creadora e impulsora de la primera&nbsp;<strong>Unidad de Olfato&nbsp;<\/strong>de Asturias con la que contin\u00faa en la actualidad y miembro de la ejecutiva de la&nbsp;<strong>Red Olfativa Espa\u00f1ola<\/strong>&nbsp;(ROE).<\/p>\n\n\n\n<p>Fue pionera en la creaci\u00f3n de la&nbsp;<strong>Consulta de Alergia Nasal&nbsp;<\/strong>en un servicio de Otorrinolaringolog\u00eda de la Sanidad P\u00fablica Asturiana.<\/p>\n\n\n\n<p>Atiende alteraciones<strong>&nbsp;<\/strong>del&nbsp;<strong>Equilibrio, V\u00e9rtigo y su Rehabilitaci\u00f3n.<\/strong><\/p>\n\n\n\n<div class=\"wp-block-buttons is-layout-flex wp-block-buttons-is-layout-flex\">\n<div class=\"wp-block-button\"><a class=\"wp-block-button__link wp-element-button\" href=\"https:\/\/otorrinogijon.com\/wp-content\/uploads\/2022\/12\/CURRICULUM-VITAE-web.pdf\" target=\"_blank\" rel=\"noreferrer noopener\">Conoce mi Curriculum Vitae<\/a><\/div>\n<\/div>\n\n\n\n<p><\/p>\n\n\n\n<p>La consulta se encuentra actualmente en la Avda. de la Costa, 45 (Hospital Gij\u00f3n), y dispone de las&nbsp;<strong>\u00faltimas t\u00e9cnicas de diagn\u00f3stico<\/strong>&nbsp;y&nbsp;<strong>tratamiento multidisciplinario<\/strong>. <\/p>\n\n\n\n<figure class=\"wp-block-image size-medium\"><img loading=\"lazy\" decoding=\"async\" width=\"225\" height=\"300\" src=\"https:\/\/otorrinogijon.com\/wp-content\/uploads\/2022\/12\/clinica-ORL-225x300.jpg\" alt=\"\" class=\"wp-image-132\" srcset=\"https:\/\/otorrinogijon.com\/wp-content\/uploads\/2022\/12\/clinica-ORL-225x300.jpg 225w, https:\/\/otorrinogijon.com\/wp-content\/uploads\/2022\/12\/clinica-ORL-768x1024.jpg 768w, https:\/\/otorrinogijon.com\/wp-content\/uploads\/2022\/12\/clinica-ORL-1152x1536.jpg 1152w, https:\/\/otorrinogijon.com\/wp-content\/uploads\/2022\/12\/clinica-ORL-169x225.jpg 169w, https:\/\/otorrinogijon.com\/wp-content\/uploads\/2022\/12\/clinica-ORL.jpg 1200w\" sizes=\"auto, (max-width: 225px) 100vw, 225px\" \/><\/figure>\n\n\n\n<iframe src=\"https:\/\/www.google.com\/maps\/embed?pb=!1m18!1m12!1m3!1d2892.304730469196!2d-5.660375384215469!3d43.53768936790996!2m3!1f0!2f0!3f0!3m2!1i1024!2i768!4f13.1!3m3!1m2!1s0xd367b7886ffffff%3A0xb6356e08d870dd1b!2sCl%C3%ADnica%20ORL%20Ciudad%20de%20Gij%C3%B3n!5e0!3m2!1ses!2ses!4v1671040285699!5m2!1ses!2ses\" width=\"400\" height=\"300\" style=\"border:0;\" allowfullscreen=\"\" loading=\"lazy\" referrerpolicy=\"no-referrer-when-downgrade\"><\/iframe>\n\n\n\n<p><strong>Puedes seguirme en mis redes sociales:<\/strong><\/p>\n\n\n\n<ul class=\"wp-block-social-links is-layout-flex wp-block-social-links-is-layout-flex\"><li class=\"wp-social-link wp-social-link-linkedin  wp-block-social-link\"><a href=\"https:\/\/es.linkedin.com\/in\/adela-gonzalez-fernandez-74801429\" class=\"wp-block-social-link-anchor\"><svg width=\"24\" height=\"24\" viewBox=\"0 0 24 24\" version=\"1.1\" xmlns=\"http:\/\/www.w3.org\/2000\/svg\" aria-hidden=\"true\" focusable=\"false\"><path d=\"M19.7,3H4.3C3.582,3,3,3.582,3,4.3v15.4C3,20.418,3.582,21,4.3,21h15.4c0.718,0,1.3-0.582,1.3-1.3V4.3 C21,3.582,20.418,3,19.7,3z M8.339,18.338H5.667v-8.59h2.672V18.338z M7.004,8.574c-0.857,0-1.549-0.694-1.549-1.548 c0-0.855,0.691-1.548,1.549-1.548c0.854,0,1.547,0.694,1.547,1.548C8.551,7.881,7.858,8.574,7.004,8.574z M18.339,18.338h-2.669 v-4.177c0-0.996-0.017-2.278-1.387-2.278c-1.389,0-1.601,1.086-1.601,2.206v4.249h-2.667v-8.59h2.559v1.174h0.037 c0.356-0.675,1.227-1.387,2.526-1.387c2.703,0,3.203,1.779,3.203,4.092V18.338z\"><\/path><\/svg><span class=\"wp-block-social-link-label screen-reader-text\">LinkedIn<\/span><\/a><\/li>\n\n<li class=\"wp-social-link wp-social-link-facebook  wp-block-social-link\"><a href=\"https:\/\/www.facebook.com\/Orlgijonadelagonz%C3%A1lezcom-103269781076122\/\" class=\"wp-block-social-link-anchor\"><svg width=\"24\" height=\"24\" viewBox=\"0 0 24 24\" version=\"1.1\" xmlns=\"http:\/\/www.w3.org\/2000\/svg\" aria-hidden=\"true\" focusable=\"false\"><path d=\"M12 2C6.5 2 2 6.5 2 12c0 5 3.7 9.1 8.4 9.9v-7H7.9V12h2.5V9.8c0-2.5 1.5-3.9 3.8-3.9 1.1 0 2.2.2 2.2.2v2.5h-1.3c-1.2 0-1.6.8-1.6 1.6V12h2.8l-.4 2.9h-2.3v7C18.3 21.1 22 17 22 12c0-5.5-4.5-10-10-10z\"><\/path><\/svg><span class=\"wp-block-social-link-label screen-reader-text\">Facebook<\/span><\/a><\/li>\n\n<li class=\"wp-social-link wp-social-link-twitter  wp-block-social-link\"><a href=\"https:\/\/twitter.com\/adelagonfe\" class=\"wp-block-social-link-anchor\"><svg width=\"24\" height=\"24\" viewBox=\"0 0 24 24\" version=\"1.1\" xmlns=\"http:\/\/www.w3.org\/2000\/svg\" aria-hidden=\"true\" focusable=\"false\"><path d=\"M22.23,5.924c-0.736,0.326-1.527,0.547-2.357,0.646c0.847-0.508,1.498-1.312,1.804-2.27 c-0.793,0.47-1.671,0.812-2.606,0.996C18.324,4.498,17.257,4,16.077,4c-2.266,0-4.103,1.837-4.103,4.103 c0,0.322,0.036,0.635,0.106,0.935C8.67,8.867,5.647,7.234,3.623,4.751C3.27,5.357,3.067,6.062,3.067,6.814 c0,1.424,0.724,2.679,1.825,3.415c-0.673-0.021-1.305-0.206-1.859-0.513c0,0.017,0,0.034,0,0.052c0,1.988,1.414,3.647,3.292,4.023 c-0.344,0.094-0.707,0.144-1.081,0.144c-0.264,0-0.521-0.026-0.772-0.074c0.522,1.63,2.038,2.816,3.833,2.85 c-1.404,1.1-3.174,1.756-5.096,1.756c-0.331,0-0.658-0.019-0.979-0.057c1.816,1.164,3.973,1.843,6.29,1.843 c7.547,0,11.675-6.252,11.675-11.675c0-0.178-0.004-0.355-0.012-0.531C20.985,7.47,21.68,6.747,22.23,5.924z\"><\/path><\/svg><span class=\"wp-block-social-link-label screen-reader-text\">Twitter<\/span><\/a><\/li><\/ul>\n","protected":false},"excerpt":{"rendered":"<p>La&nbsp;Dra. Adela Gonz\u00e1lez Fern\u00e1ndez&nbsp;es&nbsp;especialista en otorrinolaringolog\u00eda&nbsp;por la Universidad de Oviedo (n\u00ba colegiada 33\/03872-8) Cuenta con m\u00e1s de treinta a\u00f1os de&nbsp;experiencia hospitalaria&nbsp;(Servicio de ORL del Hospital Universitario de Cabue\u00f1es, Gij\u00f3n) dedic\u00e1ndose a la atenci\u00f3n de patolog\u00edas de&nbsp;garganta,&nbsp;nariz y o\u00eddos&nbsp;y muy especialmente a&nbsp;trastornos del olfato,&nbsp;alergias respiratorias,&nbsp;v\u00e9rtigo y alteraciones del equilibrio. Es creadora e impulsora de la primera&nbsp;Unidad [&hellip;]<\/p>\n","protected":false},"author":1,"featured_media":0,"parent":0,"menu_order":2,"comment_status":"closed","ping_status":"closed","template":"","meta":{"om_disable_all_campaigns":false,"_monsterinsights_skip_tracking":false,"_monsterinsights_sitenote_active":false,"_monsterinsights_sitenote_note":"","_monsterinsights_sitenote_category":0,"footnotes":""},"class_list":["post-10","page","type-page","status-publish","hentry"],"aioseo_notices":[],"_links":{"self":[{"href":"https:\/\/otorrinogijon.com\/index.php\/wp-json\/wp\/v2\/pages\/10","targetHints":{"allow":["GET"]}}],"collection":[{"href":"https:\/\/otorrinogijon.com\/index.php\/wp-json\/wp\/v2\/pages"}],"about":[{"href":"https:\/\/otorrinogijon.com\/index.php\/wp-json\/wp\/v2\/types\/page"}],"author":[{"embeddable":true,"href":"https:\/\/otorrinogijon.com\/index.php\/wp-json\/wp\/v2\/users\/1"}],"replies":[{"embeddable":true,"href":"https:\/\/otorrinogijon.com\/index.php\/wp-json\/wp\/v2\/comments?post=10"}],"version-history":[{"count":11,"href":"https:\/\/otorrinogijon.com\/index.php\/wp-json\/wp\/v2\/pages\/10\/revisions"}],"predecessor-version":[{"id":252,"href":"https:\/\/otorrinogijon.com\/index.php\/wp-json\/wp\/v2\/pages\/10\/revisions\/252"}],"wp:attachment":[{"href":"https:\/\/otorrinogijon.com\/index.php\/wp-json\/wp\/v2\/media?parent=10"}],"curies":[{"name":"wp","href":"https:\/\/api.w.org\/{rel}","templated":true}]}}

<figure class="wp-block-image size-medium"><img loading="lazy" decoding="async" width="243" height="300" src="https://otorrinogijon.com/wp-content/uploads/2022/12/dra-Adela-Gonzalez-otorrino-gijon-243x300.jpg" alt="" class="wp-image-129" srcset="https://otorrinogijon.com/wp-content/uploads/2022/12/dra-Adela-Gonzalez-otorrino-gijon-243x300.jpg 243w, https://otorrinogijon.com/wp-content/uploads/2022/12/dra-Adela-Gonzalez-otorrino-gijon-829x1024.jpg 829w, https://otorrinogijon.com/wp-content/uploads/2022/12/dra-Adela-Gonzalez-otorrino-gijon-768x949.jpg 768w, https://otorrinogijon.com/wp-content/uploads/2022/12/dra-Adela-Gonzalez-otorrino-gijon-1243x1536.jpg 1243w, https://otorrinogijon.com/wp-content/uploads/2022/12/dra-Adela-Gonzalez-otorrino-gijon-1657x2048.jpg 1657w, https://otorrinogijon.com/wp-content/uploads/2022/12/dra-Adela-Gonzalez-otorrino-gijon-182x225.jpg 182w" sizes="auto, (max-width: 243px) 100vw, 243px" /></figure>



<p>La&nbsp;<strong>Dra. Adela González Fernández</strong>&nbsp;es&nbsp;<em><strong>especialista en otorrinolaringología</strong></em>&nbsp;por la Universidad de Oviedo (nº colegiada 33/03872-8)</p>



<p>Cuenta con más de treinta años de&nbsp;<strong>experiencia hospitalaria</strong>&nbsp;(Servicio de ORL del Hospital Universitario de Cabueñes, Gijón) dedicándose a la atención de patologías de&nbsp;<strong>garganta</strong>,&nbsp;<strong>nariz y oídos</strong>&nbsp;y muy especialmente a&nbsp;<strong>trastornos del olfato</strong>,&nbsp;<strong>alergias respiratorias</strong>,&nbsp;<strong>vértigo y alteraciones del equilibrio</strong>.</p>



<p>Es creadora e impulsora de la primera&nbsp;<strong>Unidad de Olfato&nbsp;</strong>de Asturias con la que continúa en la actualidad y miembro de la ejecutiva de la&nbsp;<strong>Red Olfativa Española</strong>&nbsp;(ROE).</p>



<p>Fue pionera en la creación de la&nbsp;<strong>Consulta de Alergia Nasal&nbsp;</strong>en un servicio de Otorrinolaringología de la Sanidad Pública Asturiana.</p>



<p>Atiende alteraciones<strong>&nbsp;</strong>del&nbsp;<strong>Equilibrio, Vértigo y su Rehabilitación.</strong></p>



<div class="wp-block-buttons is-layout-flex wp-block-buttons-is-layout-flex">
<div class="wp-block-button"><a class="wp-block-button__link wp-element-button" href="https://otorrinogijon.com/wp-content/uploads/2022/12/CURRICULUM-VITAE-web.pdf" target="_blank" rel="noreferrer noopener">Conoce mi Curriculum Vitae</a></div>
</div>



<p></p>



<p>La consulta se encuentra actualmente en la Avda. de la Costa, 45 (Hospital Gijón), y dispone de las&nbsp;<strong>últimas técnicas de diagnóstico</strong>&nbsp;y&nbsp;<strong>tratamiento multidisciplinario</strong>. </p>



<figure class="wp-block-image size-medium"><img loading="lazy" decoding="async" width="225" height="300" src="https://otorrinogijon.com/wp-content/uploads/2022/12/clinica-ORL-225x300.jpg" alt="" class="wp-image-132" srcset="https://otorrinogijon.com/wp-content/uploads/2022/12/clinica-ORL-225x300.jpg 225w, https://otorrinogijon.com/wp-content/uploads/2022/12/clinica-ORL-768x1024.jpg 768w, https://otorrinogijon.com/wp-content/uploads/2022/12/clinica-ORL-1152x1536.jpg 1152w, https://otorrinogijon.com/wp-content/uploads/2022/12/clinica-ORL-169x225.jpg 169w, https://otorrinogijon.com/wp-content/uploads/2022/12/clinica-ORL.jpg 1200w" sizes="auto, (max-width: 225px) 100vw, 225px" /></figure>



<iframe src="https://www.google.com/maps/embed?pb=!1m18!1m12!1m3!1d2892.304730469196!2d-5.660375384215469!3d43.53768936790996!2m3!1f0!2f0!3f0!3m2!1i1024!2i768!4f13.1!3m3!1m2!1s0xd367b7886ffffff%3A0xb6356e08d870dd1b!2sCl%C3%ADnica%20ORL%20Ciudad%20de%20Gij%C3%B3n!5e0!3m2!1ses!2ses!4v1671040285699!5m2!1ses!2ses" width="400" height="300" style="border:0;" allowfullscreen="" loading="lazy" referrerpolicy="no-referrer-when-downgrade"></iframe>



<p><strong>Puedes seguirme en mis redes sociales:</strong></p>



<ul class="wp-block-social-links is-layout-flex wp-block-social-links-is-layout-flex"><li class="wp-social-link wp-social-link-linkedin  wp-block-social-link"><a href="https://es.linkedin.com/in/adela-gonzalez-fernandez-74801429" class="wp-block-social-link-anchor"><svg width="24" height="24" viewBox="0 0 24 24" version="1.1" xmlns="http://www.w3.org/2000/svg" aria-hidden="true" focusable="false"><path d="M19.7,3H4.3C3.582,3,3,3.582,3,4.3v15.4C3,20.418,3.582,21,4.3,21h15.4c0.718,0,1.3-0.582,1.3-1.3V4.3 C21,3.582,20.418,3,19.7,3z M8.339,18.338H5.667v-8.59h2.672V18.338z M7.004,8.574c-0.857,0-1.549-0.694-1.549-1.548 c0-0.855,0.691-1.548,1.549-1.548c0.854,0,1.547,0.694,1.547,1.548C8.551,7.881,7.858,8.574,7.004,8.574z M18.339,18.338h-2.669 v-4.177c0-0.996-0.017-2.278-1.387-2.278c-1.389,0-1.601,1.086-1.601,2.206v4.249h-2.667v-8.59h2.559v1.174h0.037 c0.356-0.675,1.227-1.387,2.526-1.387c2.703,0,3.203,1.779,3.203,4.092V18.338z"></path></svg><span class="wp-block-social-link-label screen-reader-text">LinkedIn</span></a></li>

<li class="wp-social-link wp-social-link-facebook  wp-block-social-link"><a href="https://www.facebook.com/Orlgijonadelagonz%C3%A1lezcom-103269781076122/" class="wp-block-social-link-anchor"><svg width="24" height="24" viewBox="0 0 24 24" version="1.1" xmlns="http://www.w3.org/2000/svg" aria-hidden="true" focusable="false"><path d="M12 2C6.5 2 2 6.5 2 12c0 5 3.7 9.1 8.4 9.9v-7H7.9V12h2.5V9.8c0-2.5 1.5-3.9 3.8-3.9 1.1 0 2.2.2 2.2.2v2.5h-1.3c-1.2 0-1.6.8-1.6 1.6V12h2.8l-.4 2.9h-2.3v7C18.3 21.1 22 17 22 12c0-5.5-4.5-10-10-10z"></path></svg><span class="wp-block-social-link-label screen-reader-text">Facebook</span></a></li>

<li class="wp-social-link wp-social-link-twitter  wp-block-social-link"><a href="https://twitter.com/adelagonfe" class="wp-block-social-link-anchor"><svg width="24" height="24" viewBox="0 0 24 24" version="1.1" xmlns="http://www.w3.org/2000/svg" aria-hidden="true" focusable="false"><path d="M22.23,5.924c-0.736,0.326-1.527,0.547-2.357,0.646c0.847-0.508,1.498-1.312,1.804-2.27 c-0.793,0.47-1.671,0.812-2.606,0.996C18.324,4.498,17.257,4,16.077,4c-2.266,0-4.103,1.837-4.103,4.103 c0,0.322,0.036,0.635,0.106,0.935C8.67,8.867,5.647,7.234,3.623,4.751C3.27,5.357,3.067,6.062,3.067,6.814 c0,1.424,0.724,2.679,1.825,3.415c-0.673-0.021-1.305-0.206-1.859-0.513c0,0.017,0,0.034,0,0.052c0,1.988,1.414,3.647,3.292,4.023 c-0.344,0.094-0.707,0.144-1.081,0.144c-0.264,0-0.521-0.026-0.772-0.074c0.522,1.63,2.038,2.816,3.833,2.85 c-1.404,1.1-3.174,1.756-5.096,1.756c-0.331,0-0.658-0.019-0.979-0.057c1.816,1.164,3.973,1.843,6.29,1.843 c7.547,0,11.675-6.252,11.675-11.675c0-0.178-0.004-0.355-0.012-0.531C20.985,7.47,21.68,6.747,22.23,5.924z"></path></svg><span class="wp-block-social-link-label screen-reader-text">Twitter</span></a></li></ul>

<p>La&nbsp;Dra. Adela González Fernández&nbsp;es&nbsp;especialista en otorrinolaringología&nbsp;por la Universidad de Oviedo (nº colegiada 33/03872-8) Cuenta con más de treinta años de&nbsp;experiencia hospitalaria&nbsp;(Servicio de ORL del Hospital Universitario de Cabueñes, Gijón) dedicándose a la atención de patologías de&nbsp;garganta,&nbsp;nariz y oídos&nbsp;y muy especialmente a&nbsp;trastornos del olfato,&nbsp;alergias respiratorias,&nbsp;vértigo y alteraciones del equilibrio. Es creadora e impulsora de la primera&nbsp;Unidad [&hellip;]</p>
